{"id":473,"date":"2017-08-21T21:58:11","date_gmt":"2017-08-21T21:58:11","guid":{"rendered":"http:\/\/www.marina-lodge.de\/?page_id=473"},"modified":"2018-06-11T21:40:45","modified_gmt":"2018-06-11T21:40:45","slug":"webcam","status":"publish","type":"page","link":"https:\/\/www.marina-loft.de\/index.php\/webcam\/","title":{"rendered":"Webcam"},"content":{"rendered":"<p><img loading=\"lazy\" decoding=\"async\" class=\"alignnone wp-image-701 \" src=\"http:\/\/www.marina-loft.de\/wp-content\/uploads\/2018\/02\/webcam-7-4-04-01-2018-10-15.jpg\" alt=\"\" width=\"620\" height=\"352\" srcset=\"https:\/\/www.marina-loft.de\/wp-content\/uploads\/2018\/02\/webcam-7-4-04-01-2018-10-15.jpg 984w, https:\/\/www.marina-loft.de\/wp-content\/uploads\/2018\/02\/webcam-7-4-04-01-2018-10-15-300x170.jpg 300w, https:\/\/www.marina-loft.de\/wp-content\/uploads\/2018\/02\/webcam-7-4-04-01-2018-10-15-768x436.jpg 768w\" sizes=\"auto, (max-width: 620px) 100vw, 620px\" \/><br \/>\nWebcam Bild Marina Loft: Unsere Wohnung ist im wei\u00dfen\/roten Haus (wie im roten Kasten im Bild). Unsere Wohnung ist auf der rechten Seite im obersten Stockwerk (nicht sichtbar da direkt der Ostsee zugewandt)<\/p>\n<h3><a href=\"http:\/\/www.webcam-ostseeresort-olpenitz.de\/\" target=\"_blank\" rel=\"noopener\">Live Bilder des Ressorts (einfach das Bild &#8222;Kapit\u00e4nsh\u00e4user&#8220; ausw\u00e4hlen)<\/a><\/h3>\n<h2><strong>Aktuelles Livebild:<\/strong><br \/>\n<img decoding=\"async\" src=\"http:\/\/www.webcam-ostseeresort-olpenitz.de\/fileadmin\/webcam-ostseeresort-olpenitz.de\/Webcambilder\/14.jpg\" alt=\"Webcam Marina-Loft.de\" width=\"900\" \/><\/h2>\n<p>&nbsp;<\/p>\n<div id=\"link64_adl_tabid\" style=\"display: none;\" data-url=\"http:\/\/www.marina-loft.de\/wp-admin\/post.php?post=473&amp;action=edit\">1084<\/div>\n","protected":false},"excerpt":{"rendered":"<p>Webcam Bild Marina Loft: Unsere Wohnung ist im wei\u00dfen\/roten Haus (wie im roten Kasten im Bild). Unsere Wohnung ist auf der rechten Seite im obersten Stockwerk (nicht sichtbar da direkt der Ostsee zugewandt) Live Bilder des Ressorts (einfach das Bild &#8222;Kapit\u00e4nsh\u00e4user&#8220; ausw\u00e4hlen) Aktuelles Livebild: &nbsp; 1084<\/p>\n","protected":false},"author":1,"featured_media":0,"parent":0,"menu_order":6,"comment_status":"closed","ping_status":"closed","template":"","meta":{"footnotes":""},"class_list":["post-473","page","type-page","status-publish","hentry"],"yoast_head":"<!-- This site is optimized with the Yoast SEO plugin v22.3 - https:\/\/yoast.com\/wordpress\/plugins\/seo\/ -->\n<title>Webcam - Marina-Loft.de - Meerblick Wellness Ferien auf der Ostsee<\/title>\n<meta name=\"robots\" content=\"index, follow, max-snippet:-1, max-image-preview:large, max-video-preview:-1\" \/>\n<link rel=\"canonical\" href=\"https:\/\/www.marina-loft.de\/index.php\/webcam\/\" \/>\n<meta property=\"og:locale\" content=\"de_DE\" \/>\n<meta property=\"og:type\" content=\"article\" \/>\n<meta property=\"og:title\" content=\"Webcam - Marina-Loft.de - Meerblick Wellness Ferien auf der Ostsee\" \/>\n<meta property=\"og:description\" content=\"Webcam Bild Marina Loft: Unsere Wohnung ist im wei\u00dfen\/roten Haus (wie im roten Kasten im Bild). Unsere Wohnung ist auf der rechten Seite im obersten Stockwerk (nicht sichtbar da direkt der Ostsee zugewandt) Live Bilder des Ressorts (einfach das Bild &#8222;Kapit\u00e4nsh\u00e4user&#8220; ausw\u00e4hlen) Aktuelles Livebild: &nbsp; 1084\" \/>\n<meta property=\"og:url\" content=\"https:\/\/www.marina-loft.de\/index.php\/webcam\/\" \/>\n<meta property=\"og:site_name\" content=\"Marina-Loft.de - Meerblick Wellness Ferien auf der Ostsee\" \/>\n<meta property=\"article:modified_time\" content=\"2018-06-11T21:40:45+00:00\" \/>\n<meta property=\"og:image\" content=\"http:\/\/www.marina-loft.de\/wp-content\/uploads\/2018\/02\/webcam-7-4-04-01-2018-10-15.jpg\" \/>\n<meta name=\"twitter:card\" content=\"summary_large_image\" \/>\n<script type=\"application\/ld+json\" class=\"yoast-schema-graph\">{\"@context\":\"https:\/\/schema.org\",\"@graph\":[{\"@type\":\"WebPage\",\"@id\":\"https:\/\/www.marina-loft.de\/index.php\/webcam\/\",\"url\":\"https:\/\/www.marina-loft.de\/index.php\/webcam\/\",\"name\":\"Webcam - Marina-Loft.de - Meerblick Wellness Ferien auf der Ostsee\",\"isPartOf\":{\"@id\":\"https:\/\/www.marina-loft.de\/#website\"},\"primaryImageOfPage\":{\"@id\":\"https:\/\/www.marina-loft.de\/index.php\/webcam\/#primaryimage\"},\"image\":{\"@id\":\"https:\/\/www.marina-loft.de\/index.php\/webcam\/#primaryimage\"},\"thumbnailUrl\":\"http:\/\/www.marina-loft.de\/wp-content\/uploads\/2018\/02\/webcam-7-4-04-01-2018-10-15.jpg\",\"datePublished\":\"2017-08-21T21:58:11+00:00\",\"dateModified\":\"2018-06-11T21:40:45+00:00\",\"breadcrumb\":{\"@id\":\"https:\/\/www.marina-loft.de\/index.php\/webcam\/#breadcrumb\"},\"inLanguage\":\"de\",\"potentialAction\":[{\"@type\":\"ReadAction\",\"target\":[\"https:\/\/www.marina-loft.de\/index.php\/webcam\/\"]}]},{\"@type\":\"ImageObject\",\"inLanguage\":\"de\",\"@id\":\"https:\/\/www.marina-loft.de\/index.php\/webcam\/#primaryimage\",\"url\":\"https:\/\/www.marina-loft.de\/wp-content\/uploads\/2018\/02\/webcam-7-4-04-01-2018-10-15.jpg\",\"contentUrl\":\"https:\/\/www.marina-loft.de\/wp-content\/uploads\/2018\/02\/webcam-7-4-04-01-2018-10-15.jpg\",\"width\":984,\"height\":559},{\"@type\":\"BreadcrumbList\",\"@id\":\"https:\/\/www.marina-loft.de\/index.php\/webcam\/#breadcrumb\",\"itemListElement\":[{\"@type\":\"ListItem\",\"position\":1,\"name\":\"Startseite\",\"item\":\"https:\/\/www.marina-loft.de\/\"},{\"@type\":\"ListItem\",\"position\":2,\"name\":\"Webcam\"}]},{\"@type\":\"WebSite\",\"@id\":\"https:\/\/www.marina-loft.de\/#website\",\"url\":\"https:\/\/www.marina-loft.de\/\",\"name\":\"Marina-Loft.de - Meerblick Wellness Ferien auf der Ostsee\",\"description\":\"Urlaub machen in unserer Penthauswohnung - Meerblick und Wellness inklusive. Verbringen Sie ihre Traum Ferien auch mit Hund oder Ihrer Familie in Port Olpenitz \/ Kappeln an der Schlei\",\"potentialAction\":[{\"@type\":\"SearchAction\",\"target\":{\"@type\":\"EntryPoint\",\"urlTemplate\":\"https:\/\/www.marina-loft.de\/?s={search_term_string}\"},\"query-input\":\"required name=search_term_string\"}],\"inLanguage\":\"de\"}]}<\/script>\n<!-- \/ Yoast SEO plugin. -->","yoast_head_json":{"title":"Webcam - Marina-Loft.de - Meerblick Wellness Ferien auf der Ostsee","robots":{"index":"index","follow":"follow","max-snippet":"max-snippet:-1","max-image-preview":"max-image-preview:large","max-video-preview":"max-video-preview:-1"},"canonical":"https:\/\/www.marina-loft.de\/index.php\/webcam\/","og_locale":"de_DE","og_type":"article","og_title":"Webcam - Marina-Loft.de - Meerblick Wellness Ferien auf der Ostsee","og_description":"Webcam Bild Marina Loft: Unsere Wohnung ist im wei\u00dfen\/roten Haus (wie im roten Kasten im Bild). Unsere Wohnung ist auf der rechten Seite im obersten Stockwerk (nicht sichtbar da direkt der Ostsee zugewandt) Live Bilder des Ressorts (einfach das Bild &#8222;Kapit\u00e4nsh\u00e4user&#8220; ausw\u00e4hlen) Aktuelles Livebild: &nbsp; 1084","og_url":"https:\/\/www.marina-loft.de\/index.php\/webcam\/","og_site_name":"Marina-Loft.de - Meerblick Wellness Ferien auf der Ostsee","article_modified_time":"2018-06-11T21:40:45+00:00","og_image":[{"url":"http:\/\/www.marina-loft.de\/wp-content\/uploads\/2018\/02\/webcam-7-4-04-01-2018-10-15.jpg"}],"twitter_card":"summary_large_image","schema":{"@context":"https:\/\/schema.org","@graph":[{"@type":"WebPage","@id":"https:\/\/www.marina-loft.de\/index.php\/webcam\/","url":"https:\/\/www.marina-loft.de\/index.php\/webcam\/","name":"Webcam - Marina-Loft.de - Meerblick Wellness Ferien auf der Ostsee","isPartOf":{"@id":"https:\/\/www.marina-loft.de\/#website"},"primaryImageOfPage":{"@id":"https:\/\/www.marina-loft.de\/index.php\/webcam\/#primaryimage"},"image":{"@id":"https:\/\/www.marina-loft.de\/index.php\/webcam\/#primaryimage"},"thumbnailUrl":"http:\/\/www.marina-loft.de\/wp-content\/uploads\/2018\/02\/webcam-7-4-04-01-2018-10-15.jpg","datePublished":"2017-08-21T21:58:11+00:00","dateModified":"2018-06-11T21:40:45+00:00","breadcrumb":{"@id":"https:\/\/www.marina-loft.de\/index.php\/webcam\/#breadcrumb"},"inLanguage":"de","potentialAction":[{"@type":"ReadAction","target":["https:\/\/www.marina-loft.de\/index.php\/webcam\/"]}]},{"@type":"ImageObject","inLanguage":"de","@id":"https:\/\/www.marina-loft.de\/index.php\/webcam\/#primaryimage","url":"https:\/\/www.marina-loft.de\/wp-content\/uploads\/2018\/02\/webcam-7-4-04-01-2018-10-15.jpg","contentUrl":"https:\/\/www.marina-loft.de\/wp-content\/uploads\/2018\/02\/webcam-7-4-04-01-2018-10-15.jpg","width":984,"height":559},{"@type":"BreadcrumbList","@id":"https:\/\/www.marina-loft.de\/index.php\/webcam\/#breadcrumb","itemListElement":[{"@type":"ListItem","position":1,"name":"Startseite","item":"https:\/\/www.marina-loft.de\/"},{"@type":"ListItem","position":2,"name":"Webcam"}]},{"@type":"WebSite","@id":"https:\/\/www.marina-loft.de\/#website","url":"https:\/\/www.marina-loft.de\/","name":"Marina-Loft.de - Meerblick Wellness Ferien auf der Ostsee","description":"Urlaub machen in unserer Penthauswohnung - Meerblick und Wellness inklusive. Verbringen Sie ihre Traum Ferien auch mit Hund oder Ihrer Familie in Port Olpenitz \/ Kappeln an der Schlei","potentialAction":[{"@type":"SearchAction","target":{"@type":"EntryPoint","urlTemplate":"https:\/\/www.marina-loft.de\/?s={search_term_string}"},"query-input":"required name=search_term_string"}],"inLanguage":"de"}]}},"_links":{"self":[{"href":"https:\/\/www.marina-loft.de\/index.php\/wp-json\/wp\/v2\/pages\/473","targetHints":{"allow":["GET"]}}],"collection":[{"href":"https:\/\/www.marina-loft.de\/index.php\/wp-json\/wp\/v2\/pages"}],"about":[{"href":"https:\/\/www.marina-loft.de\/index.php\/wp-json\/wp\/v2\/types\/page"}],"author":[{"embeddable":true,"href":"https:\/\/www.marina-loft.de\/index.php\/wp-json\/wp\/v2\/users\/1"}],"replies":[{"embeddable":true,"href":"https:\/\/www.marina-loft.de\/index.php\/wp-json\/wp\/v2\/comments?post=473"}],"version-history":[{"count":6,"href":"https:\/\/www.marina-loft.de\/index.php\/wp-json\/wp\/v2\/pages\/473\/revisions"}],"predecessor-version":[{"id":702,"href":"https:\/\/www.marina-loft.de\/index.php\/wp-json\/wp\/v2\/pages\/473\/revisions\/702"}],"wp:attachment":[{"href":"https:\/\/www.marina-loft.de\/index.php\/wp-json\/wp\/v2\/media?parent=473"}],"curies":[{"name":"wp","href":"https:\/\/api.w.org\/{rel}","templated":true}]}}